{"id":244,"date":"2022-12-10T17:08:12","date_gmt":"2022-12-10T16:08:12","guid":{"rendered":"http:\/\/wordpress2213765.home.pl\/balance\/?page_id=244"},"modified":"2023-07-20T12:17:19","modified_gmt":"2023-07-20T10:17:19","slug":"wynajemsali","status":"publish","type":"page","link":"http:\/\/balance-studio.pl\/index.php\/wynajemsali\/","title":{"rendered":"Wynajem sali"},"content":{"rendered":"<div id=\"pl-244\"  class=\"panel-layout\" ><div id=\"pg-244-0\"  class=\"panel-grid panel-has-style\" ><div class=\"siteorigin-panels-stretch mob-pad-45 panel-row-style panel-row-style-for-244-0\" style=\"background-image: url(http:\/\/balance-studio.pl\/wp-content\/uploads\/2022\/12\/leaves-pink.jpg);padding: 350px 0; \" data-stretch-type=\"full-stretched\" data-hasbg=\"hasbg\" data-overlay-color=\"#000000\" ><div id=\"pgc-244-0-0\"  class=\"panel-grid-cell\" ><div id=\"panel-244-0-0-0\" class=\"so-panel widget widget_sow-editor panel-first-child panel-last-child\" data-index=\"0\" ><div style=\"text-align: left;\" data-title-color=\"#443f3f\" data-headings-color=\"#ffffff\" class=\"panel-widget-style panel-widget-style-for-244-0-0-0\" ><div\n\t\t\t\n\t\t\tclass=\"so-widget-sow-editor so-widget-sow-editor-base\"\n\t\t\t\n\t\t>\n<div class=\"siteorigin-widget-tinymce textwidget\">\n\t<h1 style=\"text-align: center;\">Wynajem sali<\/h1>\n<\/div>\n<\/div><\/div><\/div><\/div><\/div><\/div><div id=\"pg-244-1\"  class=\"panel-grid panel-has-style\" ><div class=\"siteorigin-panels-stretch panel-row-style panel-row-style-for-244-1\" style=\"padding: 10px 0; \" data-stretch-type=\"full\" data-overlay=\"true\" data-overlay-color=\"#000000\" ><div id=\"pgc-244-1-0\"  class=\"panel-grid-cell\" ><div id=\"panel-244-1-0-0\" class=\"so-panel widget widget_sow-editor panel-first-child panel-last-child\" data-index=\"1\" ><div class=\"aos-init panel-widget-style panel-widget-style-for-244-1-0-0\" style=\"text-align: left;\" data-aos=\"fade\" data-aos-duration=\"600\" data-aos-easing=\"linear\" data-aos-delay=\"300\" data-aos-anchor-placement=\"top-bottom\" data-aos-once=\"true\" data-title-color=\"#443f3f\" data-headings-color=\"#443f3f\" ><div\n\t\t\t\n\t\t\tclass=\"so-widget-sow-editor so-widget-sow-editor-base\"\n\t\t\t\n\t\t>\n<div class=\"siteorigin-widget-tinymce textwidget\">\n\t<h3><img loading=\"lazy\" decoding=\"async\" class=\"aligncenter wp-image-482\" src=\"http:\/\/balance-studio.pl\/wp-content\/uploads\/2022\/12\/Eventy.png\" alt=\"\" width=\"50\" height=\"50\" srcset=\"http:\/\/balance-studio.pl\/wp-content\/uploads\/2022\/12\/Eventy.png 241w, http:\/\/balance-studio.pl\/wp-content\/uploads\/2022\/12\/Eventy-150x150.png 150w, http:\/\/balance-studio.pl\/wp-content\/uploads\/2022\/12\/Eventy-230x230.png 230w\" sizes=\"auto, (max-width: 50px) 100vw, 50px\" \/><\/h3>\n<h3 style=\"text-align: center;\">WYNAJEM SALI<\/h3>\n<p style=\"text-align: center;\">Oferujemy wynajem sali pole dance wyposa\u017conej w profesjonalne rurki, lustra oraz przytulny klimat na r\u00f3\u017cnego rodzaju eventy - urodziny, spotkania klasowe, wieczory panie\u0144skie, sesje zdj\u0119ciowe czy eventy firmowe. Nasze studio jest dost\u0119pne dla os\u00f3b prywatnych oraz dla firm. Zapraszamy do kontaktu. Wycena indywidualna.<\/p>\n<\/div>\n<\/div><\/div><\/div><\/div><\/div><\/div><div id=\"pg-244-2\"  class=\"panel-grid panel-has-style\" ><div class=\"aos-init siteorigin-panels-stretch panel-row-style panel-row-style-for-244-2\" style=\"padding: 20px 0; \" data-aos=\"fade\" data-aos-duration=\"600\" data-aos-easing=\"linear\" data-aos-delay=\"300\" data-aos-anchor-placement=\"top-bottom\" data-aos-once=\"true\" data-stretch-type=\"full\" data-overlay=\"true\" data-overlay-color=\"#000000\" ><div id=\"pgc-244-2-0\"  class=\"panel-grid-cell\" ><div id=\"panel-244-2-0-0\" class=\"so-panel widget widget_sow-editor panel-first-child\" data-index=\"2\" ><div style=\"text-align: left;\" data-title-color=\"#443f3f\" data-headings-color=\"#443f3f\" class=\"panel-widget-style panel-widget-style-for-244-2-0-0\" ><div\n\t\t\t\n\t\t\tclass=\"so-widget-sow-editor so-widget-sow-editor-base\"\n\t\t\t\n\t\t>\n<div class=\"siteorigin-widget-tinymce textwidget\">\n\t<h2 style=\"text-align: center;\">Jeste\u015b gotowa?<\/h2>\n<\/div>\n<\/div><\/div><\/div><div id=\"panel-244-2-0-1\" class=\"so-panel widget widget_sow-button panel-last-child\" data-index=\"3\" ><div style=\"text-align: left;\" data-title-color=\"#443f3f\" data-headings-color=\"#443f3f\" class=\"panel-widget-style panel-widget-style-for-244-2-0-1\" ><div\n\t\t\t\n\t\t\tclass=\"so-widget-sow-button so-widget-sow-button-flat-33cfb73a5cf3-244\"\n\t\t\t\n\t\t><div class=\"ow-button-base ow-button-align-center\"\n>\n\t\t\t<a\n\t\t\t\tclass=\"sowb-button ow-icon-placement-left ow-button-hover\" \t>\n\t\t<span>\n\t\t\t\n\t\t\tZapisz si\u0119\t\t<\/span>\n\t\t\t<\/a>\n\t<\/div>\n<\/div><\/div><\/div><\/div><\/div><\/div><\/div>","protected":false},"excerpt":{"rendered":"<p>Wynajem sali WYNAJEM SALI Oferujemy wynajem sali pole dance wyposa\u017conej w profesjonalne rurki, lustra oraz przytulny klimat na r\u00f3\u017cnego rodzaju eventy &#8211; [&hellip;]<\/p>\n","protected":false},"author":1,"featured_media":0,"parent":0,"menu_order":0,"comment_status":"closed","ping_status":"closed","template":"page-templates\/page_front-page.php","meta":{"footnotes":""},"class_list":["post-244","page","type-page","status-publish","hentry"],"yoast_head":"<!-- This site is optimized with the Yoast SEO plugin v26.9 - https:\/\/yoast.com\/product\/yoast-seo-wordpress\/ -->\n<title>Wynajem sali - Balance Studio<\/title>\n<meta name=\"description\" content=\"Oferujemy wynajem sali pole dance wyposa\u017conej w profesjonalne rurki, lustra oraz przytulny klimat na r\u00f3\u017cnego rodzaju eventy - urodziny, spotkania klasowe, wieczory panie\u0144skie, sesje zdj\u0119ciowe czy eventy firmowe. Nasze studio jest dost\u0119pne dla os\u00f3b prywatnych oraz dla firm. Zapraszamy do kontaktu. Wycena indywidualna.\" \/>\n<meta name=\"robots\" content=\"index, follow, max-snippet:-1, max-image-preview:large, max-video-preview:-1\" \/>\n<link rel=\"canonical\" href=\"http:\/\/balance-studio.pl\/index.php\/wynajemsali\/\" \/>\n<meta property=\"og:locale\" content=\"pl_PL\" \/>\n<meta property=\"og:type\" content=\"article\" \/>\n<meta property=\"og:title\" content=\"Wynajem sali - Balance Studio\" \/>\n<meta property=\"og:description\" content=\"Oferujemy wynajem sali pole dance wyposa\u017conej w profesjonalne rurki, lustra oraz przytulny klimat na r\u00f3\u017cnego rodzaju eventy - urodziny, spotkania klasowe, wieczory panie\u0144skie, sesje zdj\u0119ciowe czy eventy firmowe. Nasze studio jest dost\u0119pne dla os\u00f3b prywatnych oraz dla firm. Zapraszamy do kontaktu. Wycena indywidualna.\" \/>\n<meta property=\"og:url\" content=\"http:\/\/balance-studio.pl\/index.php\/wynajemsali\/\" \/>\n<meta property=\"og:site_name\" content=\"Balance Studio\" \/>\n<meta property=\"article:modified_time\" content=\"2023-07-20T10:17:19+00:00\" \/>\n<meta property=\"og:image\" content=\"http:\/\/balance-studio.pl\/wp-content\/uploads\/2022\/12\/Eventy.png\" \/>\n<meta name=\"twitter:card\" content=\"summary_large_image\" \/>\n<meta name=\"twitter:label1\" content=\"Szacowany czas czytania\" \/>\n\t<meta name=\"twitter:data1\" content=\"1 minuta\" \/>\n<script type=\"application\/ld+json\" class=\"yoast-schema-graph\">{\"@context\":\"https:\/\/schema.org\",\"@graph\":[{\"@type\":\"WebPage\",\"@id\":\"http:\/\/balance-studio.pl\/index.php\/wynajemsali\/\",\"url\":\"http:\/\/balance-studio.pl\/index.php\/wynajemsali\/\",\"name\":\"Wynajem sali - Balance Studio\",\"isPartOf\":{\"@id\":\"https:\/\/balance-studio.pl\/#website\"},\"primaryImageOfPage\":{\"@id\":\"http:\/\/balance-studio.pl\/index.php\/wynajemsali\/#primaryimage\"},\"image\":{\"@id\":\"http:\/\/balance-studio.pl\/index.php\/wynajemsali\/#primaryimage\"},\"thumbnailUrl\":\"http:\/\/balance-studio.pl\/wp-content\/uploads\/2022\/12\/Eventy.png\",\"datePublished\":\"2022-12-10T16:08:12+00:00\",\"dateModified\":\"2023-07-20T10:17:19+00:00\",\"description\":\"Oferujemy wynajem sali pole dance wyposa\u017conej w profesjonalne rurki, lustra oraz przytulny klimat na r\u00f3\u017cnego rodzaju eventy - urodziny, spotkania klasowe, wieczory panie\u0144skie, sesje zdj\u0119ciowe czy eventy firmowe. Nasze studio jest dost\u0119pne dla os\u00f3b prywatnych oraz dla firm. Zapraszamy do kontaktu. Wycena indywidualna.\",\"breadcrumb\":{\"@id\":\"http:\/\/balance-studio.pl\/index.php\/wynajemsali\/#breadcrumb\"},\"inLanguage\":\"pl-PL\",\"potentialAction\":[{\"@type\":\"ReadAction\",\"target\":[\"http:\/\/balance-studio.pl\/index.php\/wynajemsali\/\"]}]},{\"@type\":\"ImageObject\",\"inLanguage\":\"pl-PL\",\"@id\":\"http:\/\/balance-studio.pl\/index.php\/wynajemsali\/#primaryimage\",\"url\":\"http:\/\/balance-studio.pl\/wp-content\/uploads\/2022\/12\/Eventy.png\",\"contentUrl\":\"http:\/\/balance-studio.pl\/wp-content\/uploads\/2022\/12\/Eventy.png\",\"width\":241,\"height\":241},{\"@type\":\"BreadcrumbList\",\"@id\":\"http:\/\/balance-studio.pl\/index.php\/wynajemsali\/#breadcrumb\",\"itemListElement\":[{\"@type\":\"ListItem\",\"position\":1,\"name\":\"Home\",\"item\":\"https:\/\/balance-studio.pl\/\"},{\"@type\":\"ListItem\",\"position\":2,\"name\":\"Wynajem sali\"}]},{\"@type\":\"WebSite\",\"@id\":\"https:\/\/balance-studio.pl\/#website\",\"url\":\"https:\/\/balance-studio.pl\/\",\"name\":\"Balance Studio\",\"description\":\"\",\"potentialAction\":[{\"@type\":\"SearchAction\",\"target\":{\"@type\":\"EntryPoint\",\"urlTemplate\":\"https:\/\/balance-studio.pl\/?s={search_term_string}\"},\"query-input\":{\"@type\":\"PropertyValueSpecification\",\"valueRequired\":true,\"valueName\":\"search_term_string\"}}],\"inLanguage\":\"pl-PL\"}]}<\/script>\n<!-- \/ Yoast SEO plugin. -->","yoast_head_json":{"title":"Wynajem sali - Balance Studio","description":"Oferujemy wynajem sali pole dance wyposa\u017conej w profesjonalne rurki, lustra oraz przytulny klimat na r\u00f3\u017cnego rodzaju eventy - urodziny, spotkania klasowe, wieczory panie\u0144skie, sesje zdj\u0119ciowe czy eventy firmowe. Nasze studio jest dost\u0119pne dla os\u00f3b prywatnych oraz dla firm. Zapraszamy do kontaktu. Wycena indywidualna.","robots":{"index":"index","follow":"follow","max-snippet":"max-snippet:-1","max-image-preview":"max-image-preview:large","max-video-preview":"max-video-preview:-1"},"canonical":"http:\/\/balance-studio.pl\/index.php\/wynajemsali\/","og_locale":"pl_PL","og_type":"article","og_title":"Wynajem sali - Balance Studio","og_description":"Oferujemy wynajem sali pole dance wyposa\u017conej w profesjonalne rurki, lustra oraz przytulny klimat na r\u00f3\u017cnego rodzaju eventy - urodziny, spotkania klasowe, wieczory panie\u0144skie, sesje zdj\u0119ciowe czy eventy firmowe. Nasze studio jest dost\u0119pne dla os\u00f3b prywatnych oraz dla firm. Zapraszamy do kontaktu. Wycena indywidualna.","og_url":"http:\/\/balance-studio.pl\/index.php\/wynajemsali\/","og_site_name":"Balance Studio","article_modified_time":"2023-07-20T10:17:19+00:00","og_image":[{"url":"http:\/\/balance-studio.pl\/wp-content\/uploads\/2022\/12\/Eventy.png","type":"","width":"","height":""}],"twitter_card":"summary_large_image","twitter_misc":{"Szacowany czas czytania":"1 minuta"},"schema":{"@context":"https:\/\/schema.org","@graph":[{"@type":"WebPage","@id":"http:\/\/balance-studio.pl\/index.php\/wynajemsali\/","url":"http:\/\/balance-studio.pl\/index.php\/wynajemsali\/","name":"Wynajem sali - Balance Studio","isPartOf":{"@id":"https:\/\/balance-studio.pl\/#website"},"primaryImageOfPage":{"@id":"http:\/\/balance-studio.pl\/index.php\/wynajemsali\/#primaryimage"},"image":{"@id":"http:\/\/balance-studio.pl\/index.php\/wynajemsali\/#primaryimage"},"thumbnailUrl":"http:\/\/balance-studio.pl\/wp-content\/uploads\/2022\/12\/Eventy.png","datePublished":"2022-12-10T16:08:12+00:00","dateModified":"2023-07-20T10:17:19+00:00","description":"Oferujemy wynajem sali pole dance wyposa\u017conej w profesjonalne rurki, lustra oraz przytulny klimat na r\u00f3\u017cnego rodzaju eventy - urodziny, spotkania klasowe, wieczory panie\u0144skie, sesje zdj\u0119ciowe czy eventy firmowe. Nasze studio jest dost\u0119pne dla os\u00f3b prywatnych oraz dla firm. Zapraszamy do kontaktu. Wycena indywidualna.","breadcrumb":{"@id":"http:\/\/balance-studio.pl\/index.php\/wynajemsali\/#breadcrumb"},"inLanguage":"pl-PL","potentialAction":[{"@type":"ReadAction","target":["http:\/\/balance-studio.pl\/index.php\/wynajemsali\/"]}]},{"@type":"ImageObject","inLanguage":"pl-PL","@id":"http:\/\/balance-studio.pl\/index.php\/wynajemsali\/#primaryimage","url":"http:\/\/balance-studio.pl\/wp-content\/uploads\/2022\/12\/Eventy.png","contentUrl":"http:\/\/balance-studio.pl\/wp-content\/uploads\/2022\/12\/Eventy.png","width":241,"height":241},{"@type":"BreadcrumbList","@id":"http:\/\/balance-studio.pl\/index.php\/wynajemsali\/#breadcrumb","itemListElement":[{"@type":"ListItem","position":1,"name":"Home","item":"https:\/\/balance-studio.pl\/"},{"@type":"ListItem","position":2,"name":"Wynajem sali"}]},{"@type":"WebSite","@id":"https:\/\/balance-studio.pl\/#website","url":"https:\/\/balance-studio.pl\/","name":"Balance Studio","description":"","potentialAction":[{"@type":"SearchAction","target":{"@type":"EntryPoint","urlTemplate":"https:\/\/balance-studio.pl\/?s={search_term_string}"},"query-input":{"@type":"PropertyValueSpecification","valueRequired":true,"valueName":"search_term_string"}}],"inLanguage":"pl-PL"}]}},"_links":{"self":[{"href":"http:\/\/balance-studio.pl\/index.php\/wp-json\/wp\/v2\/pages\/244","targetHints":{"allow":["GET"]}}],"collection":[{"href":"http:\/\/balance-studio.pl\/index.php\/wp-json\/wp\/v2\/pages"}],"about":[{"href":"http:\/\/balance-studio.pl\/index.php\/wp-json\/wp\/v2\/types\/page"}],"author":[{"embeddable":true,"href":"http:\/\/balance-studio.pl\/index.php\/wp-json\/wp\/v2\/users\/1"}],"replies":[{"embeddable":true,"href":"http:\/\/balance-studio.pl\/index.php\/wp-json\/wp\/v2\/comments?post=244"}],"version-history":[{"count":12,"href":"http:\/\/balance-studio.pl\/index.php\/wp-json\/wp\/v2\/pages\/244\/revisions"}],"predecessor-version":[{"id":1278,"href":"http:\/\/balance-studio.pl\/index.php\/wp-json\/wp\/v2\/pages\/244\/revisions\/1278"}],"wp:attachment":[{"href":"http:\/\/balance-studio.pl\/index.php\/wp-json\/wp\/v2\/media?parent=244"}],"curies":[{"name":"wp","href":"https:\/\/api.w.org\/{rel}","templated":true}]}}